l) = -48*l + 438. Determine b(8).
54
Let c(z) = -z**2 + 58*z + 20. Determine c(58).
20
Let r(h) = -37*h**2 + 2254*h + 97. Calculate r(61).
-86
Let t(y) = 97*y - 827. Calculate t(9).
46
Let q(i) = i**3 + 12*i**2 - 9*i + 116. What is q(-11)?
336
Let i(f) = -f**3 + 20*f**2 - f - 2. Give i(20).
-22
Let n(g) = -g**3 - 69*g**2 - 526*g + 131. Determine n(-9).
5
Let f(o) = -183*o - 3158. Give f(-17).
-47
Let z(y) = -y**3 + 4*y**2 + 2*y + 13. Calculate z(5).
-2
Let v(h) = -3*h**3 + 14*h**2 + h + 94. Calculate v(6).
-44
Let t(r) = -19339*r - 4. What is t(0)?
-4
Let f(u) = 4*u**2 + 196*u + 767. Calculate f(-4).
47
Let u(j) = 12*j - 65. Give u(7).
19
Let l(z) = 41*z + 192. What is l(-3)?
69
Let l(n) = n**3 + 9*n**2 + 54*n + 87. Calculate l(-2).
7
Let g(f) = 236*f + 334. What is g(-2)?
-138
Let h(x) = -50*x + 663. What is h(14)?
-37
Let y(a) = -265*a + 2962. Determine y(10).
312
Let r(y) = -1013*y + 3151. What is r(3)?
112
Let g(y) = -y**3 + 10*y**2 - 7*y - 76. Calculate g(9).
-58
Let u(h) = -h**2 - 14*h + 72. What is u(-18)?
0
Let j(x) = 3*x**3 - 64*x**2 - 55*x + 213. Give j(22).
-29
Let r(k) = k**3 - 20*k**2 - 25*k - 386. Calculate r(22).
32
Let z(l) = -250*l - 3004. Determine z(-12).
-4
Let f(h) = -2*h**3 + 26*h**2 + 8*h + 236. Determine f(14).
-44
Let p(u) = -84*u**2 - 43*u - 3. Determine p(-2).
-253
Let o(s) = -3*s**3 + 3*s**2 + 41*s - 7. What is o(4)?
13
Let w(u) = 4*u**3 + 40*u**2 - 801*u + 13. What is w(10)?
3
Let i(w) = -115*w - 57. Give i(-3).
288
Let k(n) = -n**3 + 34*n**2 + 155*n - 97. Determine k(38).
17
Let j(v) = -v**2 - 69*v - 490. What is j(-39)?
680
Let y(g) = 22*g**2 - 1027*g + 6117. Give y(7).
6
Let j(q) = -10*q + 174. Determine j(12).
54
Let a(d) = -10*d**2 + 5*d - 28. Determine a(-5).
-303
Let h(b) = -b**2 + 3*b - 36. Determine h(-8).
-124
Let m(s) = -3*s - 82. What is m(-35)?
23
Let s(o) = -o**2 - 39*o + 120. What is s(-41)?
38
Let u(v) = v**3 + 15*v**2 + 17*v + 4. Give u(-14).
-38
Let w(l) = 3*l + 69. Give w(-16).
21
Let z(n) = -47*n**2 + n + 59. Give z(4).
-689
Let f(p) = -593*p - 14149. Calculate f(-24).
83
Let s(c) = -c**3 + 20*c**2 + 6*c - 124. Calculate s(20).
-4
Let r(i) = -i**2 + 42*i - 140. Give r(3).
-23
Let z(j) = -j**3 - 5*j**2 + 455*j + 1839. Determine z(-4).
3
Let n(b) = 339*b + 2590. What is n(-8)?
-122
Let w(f) = f**3 + 11*f**2 - 5*f - 41. Give w(-11).
14
Let j(b) = -2*b**2 - 165*b - 642. Give j(-4).
-14
Let x(y) = 217*y - 2398. What is x(11)?
-11
Let g(z) = -2*z**3 - 37*z**2 - 97*z + 8. Determine g(-3).
20
Let s(j) = -j**3 + 8*j**2 + 282*j - 2460. Calculate s(9).
-3
Let a(q) = 6*q - 18. What is a(-15)?
-108
Let d(i) = 2*i**2 + 52*i + 174. Give d(-22).
-2
Let l(d) = -26*d**2 + 171*d - 201. What is l(5)?
4
Let q(z) = -2*z**3 - 53*z**2 + 145*z - 19. What is q(-29)?
-19
Let m(n) = -699*n - 3546. What is m(-5)?
-51
Let v(x) = x**3 + 6*x**2 + 108*x + 1238. What is v(-9)?
23
Let d(j) = 15*j - 110. What is d(9)?
25
Let a(r) = -1467*r + 11. Calculate a(0).
11
Let v(y) = y**2 - 438*y + 35411. Determine v(107).
-6
Let t(w) = -16*w + 35. What is t(6)?
-61
Let t(z) = -z**3 - 21*z**2 - 48*z - 213. Give t(-19).
-23
Let u(f) = 627*f - 55. Calculate u(-2).
-1309
Let v(k) = 3*k**3 + 2*k - 32. What is v(0)?
-32
Let h(i) = -i**3 - 58*i**2 + 117*i - 174. What is h(-60)?
6
Let c(s) = -s**3 + 52*s**2 - 686*s + 578. What is c(22)?
6
Let o(d) = d**3 - 5*d**2 + 11*d - 11. Calculate o(5).
44
Let m(r) = 6*r + 1. Give m(15).
91
Let m(k) = k**3 + 55*k**2 + 734*k - 51. What is m(-23)?
-5
Let j(y) = -2*y**3 + 31*y**2 + 13*y - 52. Calculate j(16).
-100
Let b(r) = -142*r + 71. Determine b(0).
71
Let w(y) = 214*y - 1106. What is w(5)?
-36
Let y(i) = -17*i**2 + 52*i + 4. Determine y(3).
7
Let m(i) = -349*i - 1035. What is m(-4)?
361
Let k(z) = -278*z + 40867. Determine k(147).
1
Let j(d) = -d**3 - 5*d**2 - 12*d - 72. Calculate j(-5).
-12
Let c(l) = -l**2 + 178*l - 7729. Give c(102).
23
Let a(m) = -m**2 - 1507*m - 6001. What is a(-4)?
11
Let q(v) = 147*v**3 - 3*v**2 + 19*v - 15. Determine q(1).
148
Let s(k) = -44*k + 3234. Determine s(73).
22
Let n(g) = -23*g**3 - 2*g**2 + 6*g - 5. What is n(2)?
-185
Let l(y) = -y**3 - 6*y**2 - 4*y - 8. Give l(-6).
16
Let z(o) = 6*o**2 - 5*o - 5. Determine z(-2).
29
Let z(b) = b**3 + 125*b**2 - 119*b + 896. What is z(-126)?
14
Let s(y) = -y**3 - 33*y**2 + 224*y - 2218. Calculate s(-40).
22
Let h(p) = 63*p - 141. Determine h(2).
-15
Let p(x) = 17*x**3 - x**2 - 2*x - 6. Give p(-1).
-22
Let c(s) = -2*s**3 - 51*s**2 - 46*s + 631. Calculate c(-24).
7
Let q(i) = 710*i + 4258. What is q(-6)?
-2
Let s(d) = 246*d - 2186. Determine s(9).
28
Let c(i) = 2*i**3 + 30*i**2 - 34*i - 62. Calculate c(-16).
-30
Let g(i) = -i**2 + 144*i - 3493. What is g(31)?
10
Let j(t) = 21*t**2 - 5*t + 22. Calculate j(0).
22
Let z(q) = -q**3 + 13*q**2 + 11*q - 13. Determine z(0).
-13
Let o(d) = 7*d**2 + d - 27. Calculate o(2).
3
Let p(r) = 11*r**2 - 56*r - 73. What is p(-8)?
1079
Let q(i) = 2*i**3 - 11*i**2 + 13*i + 75. Calculate q(6).
189
Let f(t) = -156*t - 620. Calculate f(-4).
4
Let l(a) = -3*a**2 - 86*a - 180. What is l(-27)?
-45
Let q(v) = 2*v + 26. Determine q(-16).
-6
Let g(y) = -6*y**3 - 80*y**2 - 28*y - 31. Give g(-13).
-5
Let h(g) = 6*g**3 + 108*g**2 - 5*g + 3. Determine h(-18).
93
Let d(m) = -18*m - 160. Give d(-30).
380
Let i(g) = 3*g**3 - 20*g**2 - 81*g - 209. Give i(10).
-19
Let k(j) = -80*j**2 + 6*j + 4. Determine k(-2).
-328
Let n(l) = -l**2 - 306*l - 2687. Give n(-9).
-14
Let j(x) = 348*x + 2439. Determine j(-7).
3
Let m(j) = -j**3 - 29*j**2 + 418*j + 12746. Determine m(-27).
2
Let z(s) = s**3 - 2*s**2 + 46*s - 551. Give z(7).
16
Let s(w) = -w**3 + 7*w**2 + 41*w + 36. What is s(11)?
3
Let d(n) = -n**2 - 2*n. Calculate d(1).
-3
Let d(j) = 3*j + 72. Calculate d(-2).
66
Let i(r) = r**2 + 34*r + 108. Calculate i(-4).
-12
Let k(j) = -203*j - 2037. Determine k(-10).
-7
Let v(f) = -f**2 - 16*f + 44. What is v(-17)?
27
Let g(s) = -s**2 + 3*s + 24. Calculate g(20).
-316
Let s(n) = n**2 + 17*n + 60. Give s(-6).
-6
Let h(v) = v**3 + 12*v**2 - 62*v + 3. Calculate h(-15).
258
Let q(k) = -k**3 + 107*k**2 - 4*k + 516. What is q(107)?
88
Let k(q) = -171*q + 167. What is k(3)?
-346
Let b(n) = -2*n**2 + 5*n + 81. Give b(0).
81
Let y(r) = -3*r**2 - 397*r - 12533. What is y(-52)?
-1
Let k(q) = -4263*q + 21364. What is k(5)?
49
Let j(z) = -6*z**3 + 2019*z**2 - 1004*z - 1358. What is j(336)?
-14
Let h(g) = -34*g - 530. What is h(-17)?
48
Let w(u) = u**3 - 3*u**2 + 5*u + 73. Determine w(0).
73
Let b(y) = -13*y**3 - 2*y**2 + 5*y + 4. What is b(-1)?
10
Let c(p) = 69*p - 22. Give c(-1).
-91
Let v(n) = n**2 + 16*n + 88. Determine v(-5).
33
Let k(z) = 120*z - 47. Determine k(3).
313
Let k(r) = r**2 + 157*r + 5952. Determine k(-64).
0
Let q(p) = 85*p**2 + 512*p + 14. What is q(-6)?
2
Let f(z) = z**3 - 7*z**2 + 13*z + 1. Determine f(8).
169
Let c(y) = y**3 + 4*y**2 - 26*y - 22. Determine c(-11).
-583
Let z(d) = -3*d**3 - 2*d**2 - 44*d - 15. What is z(0)?
-15
Let l(b) = -b**2 + 2125*b + 36428. Give l(-17).
14
Let w(g) = 118*g - 1406. Calculate w(12).
10
Let w(l) = 9*l + 376. Determine w(-36).
52
Let m(s) = -88*s - 1690. What is m(-19)?
-18
Let n(p) = -39*p + 149. Determine n(17).
-514
Let f(k) = 115*k + 827. Give f(-7).
22
Let n(v) = 5*v - 324. Calculate n(59).
-29
Let o(a) = 2*a**3 + a**2 - 71*a - 97. Calculate o(-5).
33
Let l(s) = 49*s - 411. Give l(9).
30
Let d(t) = -t**3 - 10*t**2 + 75*t + 7. What is d(-15)?
7
Let s(d) = 2*d**3 - 189*d**2 + 459*d + 76. Determine s(92).
-16
Let l(g) = -28*g**2 - 133*g + 46. Give l(-5).
11
Let i(n) = 11*n**2 + 46*n + 151. What is i(-3)?
112
Let x(l) = -2*l**2 + 31. Determine x(-5).
-19
Let h(j) = -2*j**3 - 14*j**2 - 11*j - 75. Calculate h(-7).
2
Let f(q) = 3*q**2 + 109*q + 579. What is f(-30)?
9
Let s(m) = -m**3 - 64*m**2 + 3*m + 131. What is s(-64)?
-61
Let b(n) = -4*n**3 - 53*n**2 - 10*n + 36. Calculate b(-13).
-3
Let a(u) = -2110*u - 50638. Determine a(-24).
2
Let l(p) = 1617*p + 50134. Determine l(-31).
7
Let q(m) = -4*m**2 - 91*m + 582. Calculate q(6).
-108
Let m(b) = 695*b + 833. Determine m(-1).
138
Let t(p) = 4*p**3 + 2*p**2 + 69*p - 70. Calculate t(1).
5
Let b(m) = -322*m - 2251. Calculate b(-7).
3
Let k(r) = -15*r**2 + 311*r + 91. What is k(21)?
7
Let r(q) = -61*q + 5974. What is r(103)?
-309
Let h(p) = -p**3 - 3*p*